
Calculate (43 - 2 - (-29 + (13 - -18))) + (3 - 5).
37
Evaluate (17 - 2) + (0 + -56 - (116 - 134)).
-23
What is -15 - (2 + -4 - -1) - (-963 + 1027)?
-78
Calculate 82 - (-17 - -27) - 111.
-39
Evaluate (-2 - -43) + (9 + 12 - -10).
72
-85 - -17 - (-2 + -17) - 5
-54
Evaluate (156 - 50) + -20 + -20.
66
What is the value of (2 - (4 - 7)) + (-493 - -482)?
-6
What is the value of -143 + -80 + 135 + 18?
-70
Evaluate (3417 - 3568) + -2 + 94.
-59
Calculate -1 + -19 - ((12 - -19) + -18 - 16).
-17
Evaluate -20 + 26 + 16 - 62.
-40
Calculate (-27 - -46 - (1 - -20)) + -1 + -46.
-49
What is 482 + -564 + (9 - -16)?
-57
16 - (5 - (12 - (-14 + 18 + 5))) - 9
5
What is (8 - 19) + (28 - (-10 - 44))?
71
What is the value of -3 - (4 - (2 + (13 - (-12 + 15) - -72)))?
77
Evaluate 89 + 13 + 13 + -14 + -5 + -5.
91
What is the value of 18 + -7 + -2 + 67 - 3 - -9?
82
(-15 - ((-2 - -1) + -3) - 0) + -1091 + 1098
-4
Evaluate (-18 - -3) + 2 + 8460 + -8412.
35
Evaluate -64 - (-35 - (59 - 25)).
5
Calculate 61 + -2 + (-39 - -9) + 65.
94
-18 - 12 - (-876 + 944)
-98
(7 + (-8 - 3) - 4) + 0 + (6 - 9)
-11
Calculate -13 + -19 + (-138 - -102).
-68
What is (11 - 6) + -3 + 6 - (0 + -26 + 14)?
20
(74 + (-45 - 33) - (11 + (0 - -1))) + 128
112
What is the value of 4 + 2 - 2 - (3 + 55 - 22)?
-32
2 - (61 + -3) - ((-23 - 8) + 36)
-61
What is the value of 15 + (-7 - (-7 - 1))?
16
Evaluate -7 - (-3 + 11 - 57) - 14.
28
What is (13 - 1) + -895 + 877?
-6
What is -2 + (-3 - -22) + -30 - -45?
32
What is -5 + 1 + (344 - 346)?
-6
Evaluate -47 + -1 + -6721 + 6740.
-29
What is -25 + 0 + 6 + -16 + 6?
-29
(-5 + -61 - (-1 + -8 + 19)) + 1 + -2
-77
What is the value of -1 - (33 - ((8 + 11 - 5) + -5))?
-25
Evaluate -131 - (57 - (83 + -6)).
-111
Calculate (-4 + 4 - 13) + (244 - 271).
-40
What is -36 + (50 - 38 - -38) + 24?
38
Calculate 3 - (256 + -131) - -111.
-11
Calculate 113 + -10 - (40 + -9 + -35).
107
Calculate 81 + -102 + 27 + -93.
-87
Evaluate -53 - (0 - -13) - (-5 + (-9 - -4) + 0).
-56
What is (-1 - -5) + 10 - ((125 - 1) + -8)?
-102
45 + -1 - (-25 + -10 + 30 + 18)
31
Calculate -38 - (9 + (-17 - -1) + -2 + (15 - 4)).
-40
What is the value of (15 - (6 - -22) - -8) + 43 + -3?
35
Calculate 10 + (3 - 3) - 0 - (-13 + (15 - 7)).
15
Calculate -22 + -6 + 36 + -4.
4
Evaluate 18 + -10 - ((1 - -7) + (-13 - -34)).
-21
-97 + (15 - (-8 + -29 - -28))
-73
4 + (11 - (-4 - 9)) - 14 - -39
53
1 + 7 + -459 + 443 - ((4 - 3) + -36)
27
(9 - 13) + (-12 + 0 - (17 - 22))
-11
What is (4 + (10 - 14) - (-34 + 10)) + -131?
-107
Calculate -10 - -3 - (-95 - ((-13 - 20) + 12)).
67
What is the value of (6 - (-3 - -19) - -17) + -42 + 24?
-11
What is the value of -15 + -11 + 48 + -10 + -1 + 20?
31
What is the value of 18 + (21 - (10 + -5 + 0))?
34
What is the value of -20 - (16 - 6 - 14) - (12 + 60)?
-88
Calculate (-80 + 47 - -218) + -32 + -26.
127
Evaluate -49 - (21 + -37 + 18 + -2 + -7).
-42
43 + -19 + -2 + 3 + -4 + 6
27
What is 24 + -3 + -49 + -13 + 49?
8
Evaluate -12 + (-136 - -21 - -36) - 4.
-95
What is -1 + (0 - 66 - -9)?
-58
Calculate -26 + (-14 - (64 + -108)).
4
Evaluate -94 - (25 - 53) - -6.
-60
-10 + (-7 - 30) + 37 + -27
-37
What is the value of (-4 - -2 - -1) + (-47 - -57) + -1 + -65?
-57
(-1 - 9) + 3 - (-86 + -6 + 100)
-15
Calculate -7 - (16 + (48 - 17)).
-54
Calculate 28 + -11 - (-27 - -78).
-34
What is 98 - (29 - (15 - 20 - -7))?
71
What is the value of 7 - (43 - 54 - 27)?
45
Evaluate 617 + -545 + -1 + 2 + (-16 - -1).
58
-376 + 143 + 58 - (-36 + -1)
-138
Calculate -5 + 11 + -3 + 2 - (-51 - 58).
114
-5 + -55 + 109 + -95
-46
(0 - 81) + (-3793 - -3797)
-77
Evaluate 0 + 23 + 8 + -9 + -10 + -32.
-20
3902 + -3994 + 72 + 0
-20
Calculate -22121 - -22160 - (0 + -16 + 3 + (1 - 2)).
53
27 - (2 - ((-36 - -40) + (-2 - -1) + 4))
32
(-403 - -388) + (0 - 8) - (7 + -1 + -3)
-26
What is (-12 - -22) + 0 - 42 - 18?
-50
Calculate -15 + (-1 - ((-11 - -24) + -1 - 14)) + 80.
66
Calculate 22 + -66 - -5 - 4.
-43
What is the value of -13 + (6 - (16 - 29)) - (67 - 1)?
-60
What is (-88 + 149 - 4) + (0 - 12)?
45
(3 - -13) + (217 + -81 - 75)
77
Calculate 0 + (-8 + 19 - (-1 - -25)) + 22.
9
Evaluate 0 - (30 - (-27 + -6)) - 10.
-73
Calculate 15 + (-26 - -7) - 11 - 32 - 2.
-49
What is (-21 - (5 + -20) - -21) + 2 + -10?
7
1 - -5 - (113 - 106) - (-2 - (6 + 14))
21
What is the value of (-7152 - -7111) + 35 + 2?
-4
What is (271 - (-167 - -429)) + (-1 - -10) + 0 + 1?
19
What is the value of (-70 - -33) + 11 + 45 - -51?
70
What is the value of 2 + -109 + (-17 - 13) + 22 + -12 + 24?
-103
8 + -1 + (-13 - (-15 - (-4 + 9))) + 55
69
What is 11 + 32 + -23 + 2 + -12?
10
What is -30 + -27 + 55 + 50?
48
Calculate -7 + (-50 - (-13 - 30)).
-14
What is -2 - (-8 - ((-15 - -9) + 1) - (-1 - 33))?
-33
What is the value of 14 - (19 - 47 - -40)?
2
Evaluate (-104 - -70) + 109 + -20.
55
What is the value of 258 - (-54 + 130 - -42)?
140
1732 - 1809 - (-1 + -73)
-3
What is 22 + 32 + -56 + 61?
59
Calculate -19 - 58 - (-7 - (11 + -4 - -2) - -8).
-69
What is the value of -645 + 476 - (2 - 136)?
-35
-6 + (-9 - -9 - (-3 + (-9 - (-23 - -10))))
-7
What is (-19 - -42) + 57 - 119?
-39
What is the value of 1 + -14 - (31 + (-117 - -63))?
10
Calculate (18 - 4) + (-11 - (1 - 21)) + -40.
-17
Evaluate (53 - 0) + 92 + 12 + -105.
52
1 + -3 + (983 + -1002 - (-21 - -1))
-1
What is 5 + 0 + (515 - 423) - (4 - -12)?
81
What is (-5 - (-44 - -41)) + 13?
11
What is the value of -11 + (-46 + (22 - 33) - (-13 - (-5 + 7)))?
-53
8 + -37 + 7 + 4 + (0 - 2)
-20
What is -1 - -44 - (1522 - 1511)?
32
2 - -101 - (11257 + -11270)
116
Calculate 4 - -35 - (-4458 + 4391).
106
What is the value of -15 + (7 - (10 + (-15 - -10))) + 7 + -34?
-40
(95 - 69) + 9 + -67
-32
Evaluate (-67 - -75) + 6 + -1 + -48 + 11.
-24
Evaluate -35 + 135 - 91 - 16.
-7
Calculate -82 + (-2 - -6) - ((-7 - 5 - 26) + 30).
-70
What is -11 + (-20 - -22) + 22 + 18?
31
Calculate -15 - ((-7 - 4 - (-29 - -33)) + -29).
29
Evaluate 14 + -18 + 10 + -71 + 2 - (-5 - 4).
-54
Evaluate 77 - 35 - (-15 + -11 + -12).
80
What is the value of 4 + -15 + 5 + 15 + (-27 - 32)?
-50
(31 - 79) + -66 - (-12 - -5 - 1)
-106
What is the value of -3605 + 3621 - (92 - 1)?
-75
(15 + (12 - 89) - -34) + 2
-26
Calculate ((32 - 14) + -44 + 6 - (-6 - 5)) + 82.
73
-291 - -149 - -109 - (3 - 7)
-29
Calculate (31 + (-14 - -2) - 23) + (-2 - 52) + -1.
-59
What is -7 + (40 + -138 - -101)?
-4
Evaluate (-26 - (-22 + 42)) + 2 + 1 - (-9 - -8).
-42
Calculate -23 - (-111 + 118) - 26.
-56
What is (-30 - -12) + 2 + 5 - (16 - 56)?
29
Calculate 51 - (0 + (-693 - -701 - ((10 - 0) + -1))).
52
Evaluate -25 + -15 + 63 + 15.
38
-11 + (6 - (9 + -4 + -9)) + 9
8
What is (42 + -10 - 24 - (12 - 15)) + (0 - 135)?
-124
Evaluate (13 - (14 + 11) - -17) + (30 - -1).
36
Calculate -7 + 21 + -1 + 12 + -31.
-6
What is 45 + (-98 + 87 - -10)?
44
Calculate -97 + 68 + 35 - ((2 - -1) + -15).
18
What is the value of 68 + -1 - (614 + -598)?
51
Evaluate -1864 + 1855 + (70 - 0).
61
What is the value of -4 + (11 - 5) + 6 - (-9 + -19)?
36
Calculate -22 - (59 - 26) - -115.
60
Evaluate -5 + -62 - (-10 - (-120 + 130 + -2 + -4)).
-53
What is the value of (-79 + 17 - -112) + 19?
69
What is -3 + 6 - (26 + -53 + 44)?
-14
-12 + (16 - (31 - (24 - 30)))
-33
10 + -33 + 54 - 32
-1
Evaluate (23 - (20 + (-17 - -4))) + -4.
12
What is the value of (78 - 51) + (80 - 97)?
10
What is the value of -18 - (3 - 7) - (-17 - 40)?
43
Calculate (-85 - (5 + -5)) + 5 - (363 - 376).
-67
What is the value of (1 + -32 - (-27 + 11)) + 4 + -87?
-98
Evaluate -51 + (4 - 34 - -51).
-30
What is 437 + -440 - (6 - -2) - (1 + -39)?
27
Calculate (1 - (-7 - 26)) + -521 + 402.
-85
What is the value of 8 + 6 + (-8 + -13 - -5)?
-2
0 - (27 - (72 - 33))
12
Calculate 24 + 0 + (-90 - -68) + -79 + 11.
-66
61 - 53 - (26 - 10) - -20
12
5 - (5 - 0 - (5 + 7 + 0 + -24))
-12
What is the value of -376 - (-396 - -66) - (-4 + (0 - (1 - 0)))?
-41
What is the value of -23 - -9 - (177 - 176 - (2 + 83))?
70
Calculate 72 - (44 - 2 - 32 - -10).
52
Evaluate 38 + -97 + 53 - (0 - 8).
2
Evaluate -64 + (31 - (-13 + 0)).
-20
Calculate -28 + (-34 - -135) - (-6 + (13 - 6) + 11).
61
What is the value of (1 - -7) + -3370 + 3397?
35
What is 49 + 42 + -76 + 10?
25
What is the value of -2 + (-12 - (-23 - -10) - (-11 - -1))?
9
What is the value of -3014 + 2887 - (-104 - -2)?
-25
What is the value of 2 - 0 - ((-6 + 23